 -10 + 5 + 0?
5
-1 + 7 - ((-4 - -2) + 3)
5
Calculate (6 - 3) + -1 - (-1 - -4).
-1
8 - (-4 + 15 - 6)
3
Calculate -4 + 1 + 3 - (1 + -5).
4
(7 - 5) + -6 - (2 - 4)
-2
Calculate (0 - (1 + -4)) + (-10 - -3).
-4
What is 8 - (3 + -5) - 17?
-7
Calculate 1 + (-2 - -8) + (5 - 19).
-7
What is (1 - 6 - -7) + (1 - 3)?
0
What is the value of -5 + 5 + 1 + 0 - 1?
0
1 - ((-1 - 2) + 5 - 1)
0
What is the value of 14 - 10 - (2 + -1) - -2?
5
Calculate (-17 - -11) + 4 + 0.
-2
Evaluate -7 + (3 - 2 - -5).
-1
What is (-2 - -3 - (3 - -1)) + 7?
4
Calculate 1 + (2 + 1 - (23 + -16)).
-3
Evaluate (6 + -5 - 5) + 6 + 1.
3
What is 5 - 10 - (-2 - 1)?
-2
Calculate -1 + 5 - (1 + (5 - 6)).
4
-6 + 2 + (10 - (-4 - -7))
3
What is -5 + 14 + (-2 - -5) + -1?
11
What is the value of -6 - (-2 + -5 - 2)?
3
Evaluate 3 + (-1 - -7) + -4.
5
What is 2 + (-8 + 4 - 0)?
-2
Calculate 1 + (-1 - 4) + (5 - 1).
0
3 - (1 - (3 - 0 - 1))
4
Evaluate 2 + -1 - (-6 + 5 - -1).
1
What is 5 - ((17 - 3) + -5)?
-4
Evaluate 5 + -7 + 6 + 1.
5
What is the value of (6 - 2) + (3 - 6) - 0?
1
Calculate -34 + 37 - (-1 - -3).
1
1 + 0 + 3 + (4 - 4)
4
Calculate 6 - (6 + -2) - (1 + 0).
1
Calculate 4 - (6 + -6 + 6 - -4).
-6
Evaluate 3 + -8 + 2 + 7.
4
Evaluate 2 + 0 + -9 - (-26 + 23).
-4
Calculate (1 - -5) + (-13 - -13) + -3.
3
What is 0 + (4 - (-1 + -2)) + 2?
9
What is -1 - (-6 + (2 - (3 - 6)))?
0
13 + -16 + (5 - 0)
2
Calculate 4 + (-3 - -5 - 2).
4
Calculate -6 + (-5 - (0 + -6)).
-5
Evaluate -12 - (-8 - (12 - 19)).
-11
What is the value of 8 + -3 - (-20 + 19)?
6
Calculate (-6 - -4 - -9) + -5 + -2.
0
What is -123 + 130 + -8 + (-1 - 0)?
-2
-3 - (4 + -1 + 0 + -5)
-1
What is the value of 12 + -10 + (-1 - (2 - 1))?
0
What is 9 + (2 - (-6 + (-1 - -14)))?
4
Evaluate 6 + (-1 - -1) - 11.
-5
Evaluate -4 - 0 - (40 + -49).
5
0 + 4 + -1 - 3
0
What is the value of 20 + -16 + 1 + (-5 - 1)?
-1
Evaluate -1 + 11 + -11 + -3.
-4
Calculate -7 + (-1 + 17 - (18 + -12)).
3
Evaluate -3 + 3 - (1 - -1) - 2.
-4
Evaluate (5 - 4) + 2 - 8.
-5
(5 - 18) + 5 - (2 + -7)
-3
What is the value of 3 - (4 - 3) - 4?
-2
What is the value of -1 - 2 - (-7 - (-4 - 1))?
-1
What is the value of 5 + 5 - (1 + 13)?
-4
What is the value of (-5 + 4 - -1) + -1?
-1
(2 - 5) + 3 + -3 + 6
3
Evaluate -2 + 2 + (-4 - -10 - 0).
6
Evaluate 2 + (1 - -1) + 0.
4
Calculate 6 + -6 - (5 + -3).
-2
Evaluate -5 - (-3 + 6 - 4).
-4
Calculate -1 - (6 + -3) - -9.
5
Evaluate -2 + (-3 - -4 - 4).
-5
What is the value of 0 - -9 - (12 - -5)?
-8
Calculate 0 + 10 - (75 - 68).
3
What is -3 + 8 + 1 - (0 + 0)?
6
What is the value of -2 + -2 - (7 + -2 + -4)?
-5
Calculate -5 + -6 - -3 - (-6 + -2).
0
What is the value of -7 - 3 - 0 - (81 - 81)?
-10
What is the value of -3 + (-11 + 5 - -5)?
-4
What is 14 + (-12 - (-18 - -13))?
7
Evaluate (-24 - -29) + (-1 - 2).
2
What is the value of 15 + -4 + (-4 - 0)?
7
What is (-5 - (5 - 5 - 6)) + 3?
4
What is -5 - (-5 + -4 - -3)?
1
What is -2 + -3 + 1 + 5?
1
Evaluate 1 + 0 + -2 + -1 - 1.
-3
Evaluate 18 + -18 - ((2 - 0) + 1).
-3
What is -10 + -3 + 1 - -2?
-10
Evaluate 0 - 1 - -16 - (-627 + 631).
11
Calculate -2 + -3 - 1 - -3.
-3
3 + 0 - (9 + (-7 - 4))
5
What is the value of 69 - 80 - (2 - 2 - 1)?
-10
Evaluate -9 + 0 + -2 + 6.
-5
Calculate (11 - 5) + -6 + -6.
-6
(-9 - 2 - 0) + 17
6
Calculate 8 + -6 + (2 - (2 + 1)).
1
What is the value of 1 + (9 - 12) - 2?
-4
-1 + 2 + (4 - (3 + 6))
-4
What is -17 + 12 - (0 - 3)?
-2
Evaluate 0 + (-5 - (1 - 2)).
-4
What is the value of (-5 - 3) + 7 + -5 - -2?
-4
Evaluate (2 - 1) + (5 + 7 - 11).
2
(5 - 3) + (-10 - (3 + -5))
-6
1 - (-3 - (-2 - (-2 - 1)))
5
Evaluate 2 - 9 - (-23 + 18).
-2
(-3 + 5 - -1) + 42 + -47
-2
What is 10 + (-10 + 10 - 3)?
7
Evaluate 1 + (4 + -1 - 1) + -3.
0
Calculate 4 - ((-5 - (4 - 7)) + -1).
7
What is the value of (-2 - 1) + 3 - -3 - 3?
0
Calculate -1 + 2 - -2 - 7.
-4
What is 12 + -17 + 10 + -5?
0
Calculate -5 - ((0 - 8) + 7).
-4
What is 39 - 33 - (-1 + 12)?
-5
Evaluate -487 + 485 - (-6 + 0 + 1).
3
Calculate -8 + -3 + (4 - 1) + 4.
-4
Evaluate -119 + 119 - (-5 - (-1 + 0)).
4
What is 4 + (5 - 3) + -4?
2
What is the value of 1 + 0 + (1 - -1)?
3
What is 2 + (-5 - (1 - 2)) + -3?
-5
What is 6 + 0 - (11 - (15 + -9))?
1
What is 2 + -4 - 6 - -4?
-4
What is the value of 14 + (1 - 15) + 7?
7
Calculate -9 + (-3 - -4) - (0 - 1).
-7
Calculate 3 + (-1 - 2) + -3 + -2.
-5
2 - 1 - (0 - -1) - 2
-2
What is the value of -9 - (5 + -9) - -8?
3
What is 2 + 4 + 1 + -2 - 2?
3
-16 - -15 - (1 + -1)
-1
Calculate (19 - (17 + -9)) + -13.
-2
Evaluate 2 + -5 - -1 - 1.
-3
Evaluate 1 - 4 - (-27 + 21).
3
What is -25 + 22 + (1 - 2)?
-4
What is the value of 6 - (4 - ((6 - 0) + -6))?
2
What is the value of -2 - 3 - ((-8 - 8) + 4)?
7
-2 - (-5 + (6 - (7 - 2)))
2
What is the value of -7 - -6 - (1 + 4 + -6)?
0
What is 9 + -1 + -2 + 1 + -14?
-7
What is the value of -8 - (-6 - (13 - 4))?
7
What is 1 + 2 + (1 - -1) + -8?
-3
-2 - (-2 - 5 - (3 + -6))
2
What is the value of -4 + (10 - (3 - -1))?
2
Evaluate (0 - (1 - -7)) + 5.
-3
What is 11 + (-11 - -4) - (-1 - 0)?
5
Evaluate -2 - 0 - ((-3 - -2) + 3).
-4
What is the value of (4 - 2) + -7 - (-113 + 107)?
1
-9 + 7 - (-8 - -2)
4
What is -46 + 42 - (-1 + -1)?
-2
Calculate -8 + 5 + (1 + 1 - 2).
-3
What is 4 - (18 - 12 - -8)?
-10
What is (13 - 2) + (20 - 29)?
2
-3 + 2 + (1 - (0 - 1))
1
What is -3 + (-9 - -2) + 5?
-5
What is 1 + 0 - (2 + -1 - 5)?
5
Evaluate 4 - (0 - (-1 + -1)).
2
-6 + 6 - 2 - (-3 + -5)
6
What is the value of (42 - 43) + -2 + 2 + 4?
3
What is the value of 8 + 1 + 5 + (0 - 9)?
5
Calculate -1 - 1 - (-11 + (-2 - -7)).
4
Calculate (2 - (-4 - -5)) + (-1 - -2).
2
Evaluate (12 - 15) + (12 - 2).
7
2 - (-1 + 1) - (40 - 47)
9
6 - (-1 - -19) - (-14 - -9)
-7
-6 + (1 - -3) + (1 - -2)
1
Calculate 6 + (7 - 6 - 0).
7
Evaluate -1 + 4 - (3 + 6) - -1.
-5
0 + (-6 + 12 - 5)
1
Calculate 0 + -1 + (10 - 10).
-1
-3 + (-14 - -11) - (2 + 1)
-9
What is the value of 8 + (-3 + 5 - 8) + 0?
2
Calculate (-3 - (-6 - -6)) + -1.
-4
What is the value of 0 - (-3 - (0 - 3) - 2)?
2
Evaluate -6 + (-2 + 8 - 3) + 6.
3
Evaluate (-4 - -2) + 2 + -2.
-2
Calculate 3 - (6 + -3 + 0 + -3).
3
Calculate -3 - (1 - (4 - (8 + -5))).
-3
What is (1 - 6) + 16 + -13?
-2
What is (-5 - (-8 + -6)) + -9?
0
Evaluate -5 + -3 + 10 + -1.
1
Evaluate 0 + (0 - 0) + 2.
2
Calculate 6 + -2 + -18 + (1 - -6).
-7
What is the value of (3 + -4 - 0) + 3?
2
Calculate -1 - (-4 + (3 - 6)).
6
Evaluate 0 + (0 - 0 - (-4 - 1)).
5
Calculate (2 - (-6 - -10 - 0)) + -2.
-4
Evaluate 0 + (1 - 2 - (24 + -22)).
-3
Evaluate 17 - (0 + 15) - 11.
-9
Evaluate -63 - -61 - (-7 + 1 + -1).
5
Calculate 2 + -2 - (-6 - (-2 - 5)).
-1
What is the value of 2 + -3 + 2 - (-3 - -2)?
2
What is 0 + -1 + (-47 - -43)?
-5
Calculate 2 - 1 - (-5 - -9).
-3
What is 5 + 3 + 2 + -13?
-3
Evaluate (-3 - 4) + (6 - 1).
-2
-5 + 12 + -5 + 4
6
0 - 2 - (1 - 2)
-1
Evaluate (8 + -1 - 9) + -4.
-6
Calculate 8 - (9 - (-6 + 7)).
0
What is (1 - (0 - -2)) + 2?
1
Calculate (-6 + 11 - (-6 - -1)) + -4.
6
What is the value of 0 + 1 + -2 + -8 - -4?
-5
-5 - (-4 - (-6 + 4) - 0)
-3
Evaluate 19 - (-9 - (-25 - -3)).
6
What is 6 - (0 - (-2 - 2))?
2
What is the value of (-1 - 25) + 10 + 7?
-9
(-302 - -293) + 1 + (2 - 1)
-7
What is (-5 - ((-2 - -4) + -5)) + -2?
-4
What is -2 - ((-6 + -3 - -5) + 1)?
1
Evaluate 11 + (-4 + -5 - -5).
7
What is the value of 1 + -5 - (6 - 5)?
-5
10 - (2 + -3 + (27 - 19))
3
Calculate (0 - -2 - 1) + -1.
0
9 + (-1 - 4) + (13 - 11)
6
-6 + -7 + 10 - -10 - 4
3
4 + (5 - (-2 - -4)) + -4
3
Calculate -1 + (-7 - -1 - -12).
5
Calculate -2 - (-3 - ((-1 - 0) + -2)).
-2
What is 6 + -12 + 1 + 0?
-5
What is the value of 4 - (-2 + 0 + -2 + 7)?
1
What is the value of (-14 - -11) + 2 + 4 + -9?
-6
Evaluate 18 + -1 + -13 + -14.
-10
What is 2 + (-2 - 0) + (8 - 5)?
3
What is (-2 - -4) + (-13 - -6)?
-5
Calculate -4 - (-4 - (-5 + 5)).
0
Calculate 5 + (-8 - (2 + -2)) - 0.
-3
3 + 2 + -6 + 1 + 4
4
Evaluate 1 + (-5 - 8) + 8.
-4
What is 6 + (-8 + 4 - 4) + 7?
5
What is the value of -1 + (-11 - -12) - 4?
-4
Calculate (-3 - -1) + 4 + (2 - 2).
2
What is the value of 0 + -1 + 3 + 3 + -4?
1
(3 - 2) + -7 + (-6 - -10)
-2
What is (-6 - (6 + -4 + -6)) + 3?
1
What is 0 + (0 - (1 + (-4 - -7)))?
-4
What is the value of -6 + 10 + (-8 - (1 - 3))?
-2
Calculate (0 - -9) + 3 - (7 - -1).
4
What is 0 + -1 + 6 + -1 + -1?
3
-3 - (-1 - 3) - 3
-2
Evaluate -5 + -15 + 18 - (1 - 4).
1
Evalua